
Suppose -2*z = 67 - 19. Let h be 12728/z - 1/(-3). Is (h/(-15))/(2 - 48/27) a prime number?
False
Is ((-61)/(671/110))/(2/(-164953)) prime?
False
Let x be 2/(-2)*(-11)/(11/4). Suppose 34180 = x*s - 4*n, -10*s + 7*s = -n - 25631. Is s a prime number?
True
Suppose 5*z - 3190 = d, -7142 - 8750 = 5*d + 4*z. Let i = -2097 - d. Suppose -2*u + 1711 = -i. Is u prime?
False
Let o = 7587 + -3862. Let x = o - -768. Is x a prime number?
True
Let i(j) = 12336*j - 1565. Is i(11) a prime number?
False
Let t(u) = -u**2 + 15*u - 12. Let c be t(13). Suppose -c*z = -12*z - 7908. Suppose 0 = -5*q - 779 + z. Is q a prime number?
False
Suppose 57*l - 53*l = 8040. Let p = l - -11543. Is p prime?
True
Let c(o) = o**2 + o + 2. Let j be c(-2). Suppose j*m = -5*u + 1351, u + 4*u - 5*m = 1360. Suppose 3*t = -2*g + u, 3*g = 6*g - 4*t - 398. Is g a prime number?
False
Suppose 28062 + 12997 = 19*k. Is k prime?
True
Let x(r) = -4*r + 1052. Let b(h) = -h - 1. Let g(m) = -3*b(m) + x(m). Let q be g(0). Suppose 5*w = -4*a + q + 231, 3*w = 3*a - 951. Is a a composite number?
True
Let r(g) = 16*g**2 + 23 - 5*g + g**3 + 0*g + 0*g. Let c be 672/(-63)*(-6)/(-4). Is r(c) composite?
False
Suppose -14*i + 58 = 16. Suppose -g = 4*r - 8261 - 2390, 0 = -i*r - 9. Is g composite?
False
Let s be 1/((-6)/(-565032)) + -4. Suppose 0 = -47*i + s + 22909. Is i prime?
False
Suppose 5*x - 4*x + 33 = 5*p, -3*p + 3*x + 27 = 0. Suppose -p*l + 0*l + 36 = 0. Suppose l*o + 6*o - 5748 = 0. Is o prime?
True
Let a(j) = 7*j + 8. Let x(s) = -7*s - 9. Let o(c) = -6*a(c) - 5*x(c). Let b be o(-2). Let r(z) = z**3 + 4*z**2 - 26*z + 14. Is r(b) composite?
False
Suppose 309510860 - 80306600 = 180*d. Is d prime?
False
Let o = -380418 - -1882861. Is o prime?
False
Let z(f) = 10711*f + 7365. Is z(14) a prime number?
False
Suppose m + n + 0*n = 7020, -7017 = -m + 2*n. Suppose 20621 = 2*i + m. Is i a prime number?
False
Let f be (3/7)/(-1*2/(-14)). Suppose -7*z + f*z + 17208 = 0. Is ((-1)/(-3))/(6/z) a composite number?
False
Let r be (0 - 39/(-2))*-12. Let y be (-1)/7 - 9344/56. Let v = y - r. Is v a composite number?
False
Let q(j) = 14*j**2 + 8*j + 287. Is q(-26) prime?
False
Let d(x) = -x**3 + 14*x**2 + 11*x + 60. Let g be d(15). Suppose -29*b + 60723 - 20210 = g. Is b composite?
True
Let r(g) = 2*g**3 + 3*g**2 - 9*g - 8. Let l(j) = -j**3 - 4*j**2 + 10*j + 9. Let i(y) = -5*l(y) - 6*r(y). Let b be (-3)/(-2)*72/(-27). Is i(b) a prime number?
True
Let f(d) = 20810*d - 9. Is f(14) composite?
False
Suppose -c + 4 = 3*c, -5*k - 18262 = -2*c. Let h = k - -5499. Is h prime?
True
Let l(x) = 5221*x**2 + 23*x + 25. Is l(-4) composite?
True
Suppose -3*u = 148*c - 152*c + 1289617, u = 2*c - 644807. Is c prime?
False
Suppose -5 - 7 = 2*b. Let w = b - -163. Is w prime?
True
Let o(l) = l**3 - 4*l**2 + 5*l - 10. Let g be o(4). Suppose 3*n = -g + 16. Suppose n*a + 3*a - 935 = 0. Is a a prime number?
False
Let o = 57 - 57. Suppose o = 3*u + 2*u - 15. Suppose -3*n - 4*i = i - 1571, 2*n - u*i - 1022 = 0. Is n prime?
False
Suppose -3*c + 6 = -0. Suppose 5*x = -1 + 21. Suppose c*d - 4191 = -5*i + 12304, 13196 = 4*i + x*d. Is i composite?
False
Let q(l) = -8*l**3 - 5*l**2 - 10*l - 30. Let f(i) = 20*i - 165. Let k be f(8). Is q(k) prime?
False
Let m(k) = 390*k**3 + 21*k**2 - 6*k + 8. Is m(5) prime?
True
Suppose -19*i - 32936 = -23*i. Suppose -3*h + 7613 = 2*o, -3*o - 3*h = -i - 3193. Is o prime?
False
Let j(q) = -2530*q**3 + 4*q**2 + 27*q - 1. Is j(-6) prime?
True
Suppose 3*i - 15 = 0, -15 = 4*n - 2*n - 3*i. Suppose 5*f - 5*m - 2134 - 3781 = n, m + 3553 = 3*f. Let r = 1682 - f. Is r a prime number?
False
Let l be (-3)/((-1)/(-557)*(-9)/45). Suppose 9640 = 5*a - l. Is a a prime number?
False
Suppose 2173 = 2*t + 2*c + c, -3*t + 3277 = c. Suppose o = 3*j + t, 2*o = 2*j + 2012 + 176. Is o a prime number?
False
Let d = 656 + -234. Suppose -3*i + k - 5*k = -633, 2*i = 3*k + d. Is i a prime number?
True
Is (-51718)/((-400)/50 - (-6 - 0)) prime?
False
Suppose o - 10 = 3*o, c + 3*o - 1194668 = 0. Is c prime?
False
Let v(i) = -44*i - 3. Let n(c) = 219*c + 14. Let g(r) = -2*n(r) - 11*v(r). Suppose -2*p + 14 = -10. Is g(p) composite?
False
Let n be 2/((6/(-9))/(-2)). Suppose -5*l + 22 = n*l. Suppose -l*v + 940 = 2*s - 5*v, 0 = -4*v - 8. Is s a composite number?
False
Let u be (1 - (3 + -2)) + (5 - 9). Let y be u + 3 + 18/6. Suppose -630 - 339 = -3*m - 3*i, -2*m = -y*i - 630. Is m a composite number?
True
Let u = -112095 + 481652. Is u prime?
True
Let f(o) = -57497*o**2 + o + 17. Let u(g) = 28749*g**2 - 8. Let p(m) = 6*f(m) + 13*u(m). Is p(1) prime?
True
Suppose 416*w - 44259676 + 4346048 = 16717700. Is w a composite number?
False
Let t(n) be the first derivative of 73*n**2/2 + 47. Is t(5) composite?
True
Suppose 5 = a + 3*r - 2*r, -4*r = -4*a + 20. Suppose 0 = a*n - 9 - 1. Is (13 - 12)*(14 - 2/n) a prime number?
True
Suppose 8*f - 450454 = 28722. Is f a composite number?
True
Suppose 0 = -2*y + 4*w + 63 - 3, 5*w + 111 = 4*y. Is 2/8 - (-147018)/y - 5 composite?
False
Let o be (-6 - (-12 - -6))/2. Is (-6 - o)*(-7606)/12 a prime number?
True
Let p = 3259 - 212. Let y = -1908 + p. Is y composite?
True
Suppose -13*i = -16*i + 10695. Let u = 843 + i. Let s = -2985 + u. Is s composite?
False
Let g = -8933 - -16344. Let d = 18998 - g. Is d a composite number?
False
Is (-3)/(-9) - (692430/(-9) + -6) composite?
False
Suppose -3*s - 1810385 + 7940425 = 5*f, -5*s + 4904019 = 4*f. Is f a prime number?
True
Let w = 56198 - 18180. Is w a prime number?
False
Let r = 226053 + -51248. Is r composite?
True
Let z be (-9)/54*3*-36. Is (-532725)/(-35) + z/63 composite?
True
Suppose 5*k - 4*y = y + 245955, 147572 = 3*k - 2*y. Suppose -16*l - k = -26*l. Is l prime?
True
Is (87/15 - 5) + (-29276073)/(-15) prime?
True
Is (1/6)/((-15)/(38 - 9749108)) a composite number?
True
Let p(y) be the first derivative of y**4/4 + 32*y**3/3 - 9*y**2/2 + 27*y + 56. Is p(-16) prime?
False
Let a(o) = 69353*o**3 - 3*o**2 + 194*o - 193. Is a(1) a prime number?
False
Let h = 116 - 116. Is (2 - 1)/(2/8386 - h) a composite number?
True
Suppose 3*i = -3*d - 5208, 0 = -4*i - 4*d + d - 6949. Let j = -422 - i. Is j a composite number?
False
Suppose -2*l - 8 = 0, -616 = -5*p + 5*l - 71. Suppose -2*z = 95 - p. Is z/(-15)*-9*(-678)/(-9) a prime number?
False
Let t be -4*(4/8 + -1). Suppose 0 = -t*i + 5792 + 6342. Is i a prime number?
True
Is (20/(-20))/((-2)/74170) composite?
True
Let i(x) = 140*x**3 + 4*x**2 - 9*x + 12. Let a = -476 + 481. Is i(a) composite?
True
Suppose s - 3*d = -4*s + 11127, -4455 = -2*s - 3*d. Let b = s - -572. Is b composite?
True
Let b(f) be the first derivative of -2*f**4 + 5*f**3/3 + 2*f + 3. Let h be b(-4). Suppose 0 = -z + 3*o + 116, 5*z - h = -o + 2*o. Is z a prime number?
False
Let u(n) = n**3 + 4*n**2 - 27*n + 25. Let f = -109 + 120. Let t be u(f). Suppose -30*q = -31*q + t. Is q composite?
False
Let y(w) be the first derivative of 857*w**2/2 - 39*w - 30. Is y(4) prime?
True
Let s(b) = 91*b**2 + 20*b - 935. Is s(16) a composite number?
True
Suppose -3*s - 11225 = -2*t, -21*s + 20*s + 28088 = 5*t. Let n = t + -1026. Is n composite?
False
Suppose 1029 = 3*a - 5*g - 1822, 0 = 2*a + 4*g - 1886. Suppose -5*l = b - a, -b = -11*l + 6*l + 953. Suppose k = -l + 1925. Is k composite?
True
Suppose -2*p + 3*j - 33 = 0, 2*p - 23 = -j - 52. Let b(o) = -2*o**3 - 15*o**2 - 45*o + 41. Is b(p) a prime number?
True
Suppose 1564*b - 1569*b + 4*s = -5801271, 0 = -3*b + 5*s + 3480773. Is b prime?
True
Suppose 11*q + 3*q = 322. Suppose -v - q*v + 3480 = 0. Is v prime?
False
Suppose 4*c + 3*j - 5174 + 26578 = 0, 0 = -5*j. Let v = c - -12537. Is v prime?
False
Suppose -2*h + 156 = -2*x, 5*h - 3*x - 196 = 194. Is (-44382)/(-3) - h/26 prime?
False
Let x be (-22)/33 + 1 + 1519/(-3). Let b = 760 + x. Suppose 0 = -5*l + 4*a + 1303, b = 2*l - l - 3*a. Is l prime?
True
Let q be (4 - (-20)/(-4))*72*-152. Let o = -3589 + q. Is o prime?
False
Suppose -2*b - 25 = -7*b. Suppose y = 2*z + 4 + 9, b = -z. Is (y*(-1772)/18)/(6/(-9)) composite?
False
Is (-664306)/(-10) + -4 + 24/60 a prime number?
False
Suppose 10*n = 15887 + 1333. Suppose 0*r + n = r. Suppose -4*b + 1250 = -r. Is b composite?
False
Let l(z) = -1913*z - 2031. Is l(-26) a prime number?
False
Suppose -4*i = 0, -26*h + 23*h + 587553 = -4*i. Is h 